vative of -x**5/20 - x**4/3 + x**3 + x. Determine r(a).
-5
Let v = 3 - 4. Let a(d) = 2*d + 3. Let u(r) = -r - 1. Let m(c) = a(c) + 3*u(c). Give m(v).
1
Let x(b) be the first derivative of b**4/4 - b**3 - 5*b**2/2 + 6*b + 2. Let u be x(4). Let v(h) = -h - h**3 + 2*h**u + h**2 + 8*h - 5. Calculate v(4).
7
Let d(k) = k + 4. Let s be (-18)/15 - (-4)/(-5). Let t(u) be the third derivative of -u**5/30 - u**4/8 - u**3/6 + u**2. Let z be t(s). Give d(z).
1
Suppose -3*k = -0*k, 3*o - k = 27. Let s(w) = -3 + 4*w**2 - 6*w - 8*w**3 + o*w**3 + 4. Calculate s(-5).
6
Let y(f) = 2*f**3 - f**2 - 15*f + 17. Let k(n) = -n**3 + n**2 + 7*n - 8. Let m(d) = 9*k(d) + 4*y(d). What is m(5)?
11
Suppose k + 8*g - 3*g - 25 = 0, 5*k = g - 5. Suppose -2*i - 22 = -7*i + 3*z, 4*z + 16 = k. Let h(b) = -i + 0*b**2 + 2*b**2 - 3*b**2. Determine h(0).
-2
Suppose m + 9 = -3*z, 5*m + 4*z + 15 + 8 = 0. Suppose -4 = -2*w + w. Let p(l) = -2*l + 2*l**3 - 4*l**2 - w*l**3 + l**3. Determine p(m).
-3
Let k(z) = z**3 - 3*z**2 + z - 2. Let w = 19 - 5. Suppose 2*a + 3*m = -m - w, -5 = 5*a + 4*m. Calculate k(a).
1
Let y(s) = s**2 - 4*s - 3. Let d be (-27)/(-5) - 10/25. What is y(d)?
2
Let x(k) = -2*k + 6 + 1 - 4. Determine x(6).
-9
Let r(w) = -3*w**2 + 3*w - 17. Let a(c) = -4*c + 11 + c**2 + 2*c - 2*c**2 + 3*c**2. Let f(x) = -8*a(x) - 5*r(x). Calculate f(0).
-3
Let l(p) = p**2 + 6*p + 4. Let a be l(-6). Let r(i) be the second derivative of 0 + 0*i**2 - 1/12*i**4 + 2/3*i**3 - 3*i. Give r(a).
0
Let f(g) = g**2 - g. Let y(m) = 2*m. Let c(h) = -4*h + 1. Let r(q) = -4*c(q) - 7*y(q). Let u be r(3). Calculate f(u).
2
Suppose 2*j + 3 = 3*j. Let y(f) = 5*f + 3*f**2 - 2*f**2 - j + 7. Determine y(-5).
4
Suppose -2*t - 3 = -3*z - 8, -2*z - 2*t + 10 = 0. Let h(l) = 2*l**2 - 3*l**2 - 1 + l + 0*l**2 + 0*l. Determine h(z).
-1
Let a(w) = w**2 + 11*w + 31. Let m be a(-4). Let g(p) = p**2 - 3*p + 3. What is g(m)?
3
Suppose 0 = -6*d + d + 10. Suppose 2*i - 2 = i. Let t(m) = -1 - m**i + 4 - d. Determine t(2).
-3
Let u(j) = 29*j**2 - 15*j + 11. Let a(s) = -14*s**2 + 7*s - 5. Let m(g) = 13*a(g) + 6*u(g). Suppose q + 3 = -2*q. Determine m(q).
-8
Let d(r) = 3*r - 3. Suppose -9 = -10*q + 7*q. Let s(k) = -4*k + 3. Let f(t) = q*d(t) + 2*s(t). Give f(3).
0
Let r(m) be the third derivative of -m**4/24 + 7*m**3/3 + 2*m**2 - m. Calculate r(13).
1
Let x(w) = w**3 + 3*w**2 - 3. Suppose 2*o + 2*o + 5*l - 13 = 0, 0 = -5*o + 2*l + 8. Let m be (-49)/21 + o/(-3). What is x(m)?
-3
Let i(m) = m**2 + 7*m - 4. Let t = -19 + 11. Let u be i(t). Let r(g) = g**3 - 3*g**2 + 5*g - 2. Let d(b) = b**2. Let h(q) = -2*d(q) + r(q). Determine h(u).
2
Suppose 0 = 5*l, -2*q = -q + 5*l - 4. Let d(c) = -2*c + 2 + 1 - 1. Calculate d(q).
-6
Suppose -o = -5, -17 = v - 2*o - 6. Let h = v - -3. Let l(y) = y - 3 + h*y + 0*y. What is l(3)?
6
Suppose 0*v - 5*v - 20 = -5*w, 3*v + 12 = -5*w. Let g(x) = 2*x + 5. Determine g(v).
-3
Let o(p) be the second derivative of -p**3/2 - 5*p**2/2 - p. Give o(-4).
7
Let h(n) = 4 + n - 7*n - n**2 - 5*n. Let q be h(-11). Let l(c) = -c**3 + 4*c**2 + 3*c - 6. Calculate l(q).
6
Let p(t) = -2*t - 5. Suppose 5*o - 5*d + 10 = 0, 2*o - d + 3*d + 4 = 0. Let u = o - 4. Calculate p(u).
7
Let j(s) be the first derivative of -s**4/4 - 5*s**3/3 - 5*s**2/2 - 4*s - 18. What is j(-4)?
0
Let p = -28 - -22. Let m(r) = -r**3 - 7*r**2 - 8*r - 1. Determine m(p).
11
Let r(n) = -7*n + 165 - 160 + n**2 + n. Determine r(5).
0
Suppose -h - 4*c - 13 = 2*h, -2*h = c + 2. Let a(w) = w**2 + 1. Let b(f) = -3*f - f**2 - f - 4*f**2 - 8. Let d(o) = h*b(o) + 4*a(o). Determine d(-3).
-1
Let k(c) = -c**3 - 5*c**2 - 4*c. Suppose 3*z - 5*z = -4. Suppose -n - z*n = 12. Give k(n).
0
Let d = 4 - 2. Suppose -d - 2 = -g. Let i(l) = -l**2 + 8 - 4 + g*l + 0*l. Give i(4).
4
Let i(k) = -k**3 - 3*k**2 + 2. Let v = -9 - -15. Suppose -3*y = 3*g + 9, -2*y = 4*g + v - 0. What is i(y)?
2
Suppose 0*b - 3*c - 35 = -5*b, -5*c = 4*b - 65. Let a(v) = v - 13. Let f be a(b). Let h(d) = -5*d - 2. Give h(f).
13
Suppose 3*s - 14 = -5. Let h(n) = -3 + s + n. Suppose -13 = -2*q + 5*r + 7, -20 = 5*r. What is h(q)?
0
Let u(z) = z**2 - z - 3. Let l(m) = -m - 4. Let y(q) = 2*l(q) - 3*u(q). Determine y(2).
-9
Let f(d) = 37*d**2 - 2*d + d - 18*d**2 - 21*d**2 - 3*d**3. What is f(-1)?
2
Let t(p) = -p**2 - p + 4. Let h be t(-4). Let y(g) = 2*g**2 + 3*g - 1. Let w(k) = -2 + 13*k + 5*k**2 - 27*k + 23*k. Let q(z) = h*y(z) + 3*w(z). What is q(4)?
-2
Let c(d) be the first derivative of -d**2 + 3*d - 10. Calculate c(2).
-1
Suppose -2*r - 3*t = -10, 0 = 2*t + t. Suppose -8 = -3*z + 10. Let p(m) = m - z*m + m**2 + 0*m**2. What is p(r)?
0
Let t(r) = -r**3 + 6*r**2 - 7*r + 4. Suppose 4*f + 2 = -2, -3*f + 2 = k. Suppose 2*n = 2*q, 3*n - k = 2*q - 0. Determine t(q).
-6
Let u(n) = -2*n + 3*n - 5 + n**3 + 0*n. Determine u(0).
-5
Suppose -4*a = 4*x + 23 + 17, 2*a = 3*x. Let z(i) = i**2 + 7*i - 3. Calculate z(a).
-9
Let c(f) be the second derivative of -f**5/20 - f**4/3 - f**3/3 - f**2/2 + f. Suppose -4 + 7 = x. Let n = x + -7. What is c(n)?
7
Let c(y) = 4*y**2 + 3*y. Let n(s) = -3*s**2 - 4*s - 1. Let r(o) = 2*c(o) + 3*n(o). Give r(-2).
5
Suppose 3*f - f + 2*z - 12 = 0, 0 = f - z. Let l(t) = -5 + f - 3 + 2*t. Determine l(4).
3
Let a(k) = -k - 1. Let z(v) = v**3 - 4*v**2 - 5. Let m(r) = -2*a(r) + z(r). Give m(4).
5
Let t(g) = -4*g - 1. Let c(d) = 4*d + 1. Let m(h) = -2*c(h) - 3*t(h). Suppose 0 = -4*o, 0 = -b - 0*o + 5*o - 1. Calculate m(b).
-3
Let x(s) = -3 - 9*s + s + 9*s**2 - 1 - 2*s. Let p(f) = -14*f**2 + 15*f + 6. Let i(n) = -5*p(n) - 8*x(n). What is i(4)?
-10
Let w(n) = -2*n**2 - 2*n + 1 + 6*n**2 - 2*n**2 + 6*n**3. Let d be ((-11)/66)/(3 - 19/6). What is w(d)?
7
Let l(c) = -c - 5. Let k(g) = -g**3 - 10*g**2 - 8*g + 5. Let q be k(-9). Calculate l(q).
-1
Let i be (-8)/2 + 225/54. Let h(f) be the second derivative of 3/2*f**2 + 5/6*f**3 + i*f**4 + 2*f + 0. Give h(-3).
6
Let v(f) = 1 - 3 + f**2 + f + 0*f**2. Let y be (-4)/18 - 480/270. Calculate v(y).
0
Let c(m) = 8*m - 3. Let l(k) = 15*k - 6. Let h(u) = -11*c(u) + 6*l(u). Suppose 5*b = 20, -4*x - 3*b = -0*b + 4. Give h(x).
-11
Let q be 6*4/(8/2). Let o(g) be the third derivative of 0*g**5 + 1/120*g**q + 1/24*g**4 + 0 + 1/2*g**3 - g**2 + 0*g. Calculate o(0).
3
Suppose 4*c = 111 + 33. Suppose -12 + c = -4*g. Let i(s) = -s**3 - 5*s**2 + 6*s + 6. Calculate i(g).
6
Let q(p) = -10*p**2 - p + 1. Let h(w) = w**2 + 3*w - 17. Let s be h(-6). Give q(s).
-10
Let x(r) = 3*r**2 + 7*r + 10. Let c(d) = -2*d**2 - 5*d - 7. Let h(l) = 7*c(l) + 5*x(l). Suppose 13 = 4*y - 5*m, -7*y + 9 = -5*y - 3*m. Determine h(y).
10
Suppose 0 = 2*i - 2 - 2. Let x(t) = t - 3*t + t**i - 3*t**2 + 3 + 1. Calculate x(-3).
-8
Let s(z) = -z**3 - 3*z**2 - 2. Suppose -4*p + 7*p = 21. Let w = -10 + p. What is s(w)?
-2
Let n(h) be the first derivative of h**4/4 + h**2/2 + 2. Determine n(-1).
-2
Let n(l) = -l**2 + 7*l - 7. Let c be n(6). Let f(v) = -2*v + 0*v**2 + 9*v**2 + 1 - 2. Calculate f(c).
10
Let v = -26 + 15. Let o = v + 7. Let b(a) = a**2 + 6*a + 4. What is b(o)?
-4
Let n = -17 - -11. Let m(j) = 10*j**2 + 8*j + 7. Let l(i) = -9*i**2 - 7*i - 6. Let s(p) = n*m(p) - 7*l(p). Calculate s(1).
4
Let m be (3 + 0)/1 + -2. Let k(g) = g**2 - 2*g - 3. Let b(v) = v**2 - v - 4. Let r be b(3). Let i(n) = 1. Let x(f) = m*k(f) + r*i(f). Determine x(2).
-1
Let d(j) = -3*j + 24. Let u(g) = g - 8. Let s(b) = -3*d(b) - 8*u(b). What is s(0)?
-8
Let v(o) = -o**2 + 7*o - 6. Let b be 4/6 + 200/(-12). Let w = b + 22. Give v(w).
0
Let a = 22 - 24. Let q(p) = -p - 1. Let j(d) = d**3 + 3*d**2 - 5*d - 5. Let b(f) = -j(f) + 3*q(f). What is b(a)?
-6
Let v(r) = -r**3 + r**2 - 1. Let h = -1 + 3. Let b be 0/(3 + (h - 4)). Give v(b).
-1
Let d(o) = -o**2 + 4*o + 6. Let l be d(6). Let r(q) = -2*q - 7. Determine r(l).
5
Let z(r) = r - 5. Let v(q) = -q. Let d(n) = -4*v(n) - z(n). What is d(-4)?
-7
Let g(t) = -8*t**2 + t + 1. Let q(z) be the first derivative of z**2/2 - 9*z + 4. Suppose -5*n + 2 = b - 11, 3*n + 37 = 5*b. Let h be q(b). What is g(h)?
-8
Let x(j) = 5*j**2 - j + 5. Suppose -4*l = -b - 12, -5*l + 28 = 3*b - b. Let w(t) = -11*t**2 + t - 11. Let p(d) = l*w(d) + 9*x(d). Give p(4).
-3
Let a(u) be the third derivative of u**6/60 + u**5/60 - u**3/6 - u**2. Suppose -3*y + 4 = -n, -8*y + 9*y + 3*n = -2. What is a(y)?
2
Let b(z) = 3*z*